{"id":11,"date":"2021-06-21T09:06:54","date_gmt":"2021-06-21T07:06:54","guid":{"rendered":"https:\/\/stademonia.com\/21\/?page_id=11"},"modified":"2026-01-28T14:22:40","modified_gmt":"2026-01-28T13:22:40","slug":"tatuerare","status":"publish","type":"page","link":"https:\/\/stademonia.com\/21\/tatuerare\/","title":{"rendered":"Tatuerare"},"content":{"rendered":"<div class=\"wpb-content-wrapper\"><p>[vc_row css_animation=&#8221;&#8221; row_type=&#8221;row&#8221; use_row_as_full_screen_section=&#8221;no&#8221; type=&#8221;full_width&#8221; angled_section=&#8221;no&#8221; text_align=&#8221;left&#8221; background_image_as_pattern=&#8221;without_pattern&#8221;][vc_column width=&#8221;1\/3&#8243;][vc_column_text]<\/p>\n<h2><a href=\"http:\/\/www.instagram.com\/soledad_aznar\">SOLEDAD AZNAR<\/a><\/h2>\n<p>[\/vc_column_text][vc_single_image image=&#8221;76&#8243; img_size=&#8221;full&#8221; qode_css_animation=&#8221;&#8221;][\/vc_column][vc_column width=&#8221;1\/3&#8243;][vc_empty_space height=&#8221;22px&#8221;][vc_column_text]<a href=\"http:\/\/www.instagram.com\/soledad.a.a.r\">SOLEDAD AZNAR<\/a>, tatuerare som \u00f6ppnade StaDemonia Tattoo Barcelona tillsammans med <a href=\"http:\/\/www.instagram.com\/sara_sta.demonia_tattoo\">Sara Swanson<\/a> 2005, sedan 2017 i Stockholm. Ursprungligen fr\u00e5n Buenos Aires, Argentina. Hen tycker b\u00e4st om att tatuera old school, blackwork och ornamental tatuering. Vill du veta mer eller ha en tatuering av Soledad, skriv till <a href=\"mailto:solcreative.saa@gmail.com\" target=\"_blank\" rel=\"noopener\">solcreative.saa@gmail.com<\/a>!<\/p>\n<p>[\/vc_column_text][\/vc_column][vc_column width=&#8221;1\/3&#8243;][vc_empty_space][vc_gallery interval=&#8221;3&#8243; images=&#8221;1206,1208,1209,1210,1212,1214,1215,1216,1217,1219,1221,1222,1218&#8243;][\/vc_column][\/vc_row][vc_row css_animation=&#8221;&#8221; row_type=&#8221;row&#8221; use_row_as_full_screen_section=&#8221;no&#8221; type=&#8221;full_width&#8221; angled_section=&#8221;no&#8221; text_align=&#8221;left&#8221; background_image_as_pattern=&#8221;without_pattern&#8221; z_index=&#8221;&#8221;][vc_column width=&#8221;1\/3&#8243;][vc_column_text]<\/p>\n<h2><a href=\"http:\/\/www.instagram.com\/sara_sta.demonia_tattoo\">SARA SWANSON<\/a><\/h2>\n<p>[\/vc_column_text][vc_single_image image=&#8221;331&#8243; img_size=&#8221;full&#8221; qode_css_animation=&#8221;&#8221;][\/vc_column][vc_column width=&#8221;1\/3&#8243;][vc_empty_space height=&#8221;22px&#8221;][vc_column_text]<a href=\"http:\/\/www.instagram.com\/sara_sta.demonia_tattoo\">SARA SWANSON<\/a>, tatuerare som \u00f6ppnade StaDemonia Tattoo Barcelona tillsammans med <a href=\"http:\/\/www.intstagram.com\/soledad.a.a.r\">Soledad Aznar<\/a> 2005, sedan 2017 i Stockholm. Hon tycker b\u00e4st om att tatuera oldschool och blackwork. Driver projektet StaDemonia Queer Konst och skrivit boken <a href=\"https:\/\/stademonia.com\/21\/2025\/03\/12\/bok-queer-tatueringshistoria-historier\/\">Queer Tatueringshistoria \/ Historier<\/a>. Vill du veta mer eller ha en tatuering av Sara skriv till <a href=\"mailto:sara@stademonia.com\" target=\"_blank\" rel=\"noopener\">sara@stademonia.com<\/a>!<\/p>\n<p>[\/vc_column_text][\/vc_column][vc_column width=&#8221;1\/3&#8243;][vc_empty_space][vc_gallery interval=&#8221;3&#8243; images=&#8221;1230,1231,1232,1233,1234,1235,1236,1237,1238,1239,1240,1241,1242,1243,1244&#8243;][\/vc_column][\/vc_row][vc_row css_animation=&#8221;&#8221; row_type=&#8221;row&#8221; use_row_as_full_screen_section=&#8221;no&#8221; type=&#8221;full_width&#8221; angled_section=&#8221;no&#8221; text_align=&#8221;left&#8221; background_image_as_pattern=&#8221;without_pattern&#8221;][vc_column width=&#8221;1\/3&#8243;][vc_column_text]<\/p>\n<h2><a href=\"http:\/\/www.instagram.com\/alexcfourpotattoo\">ALEX CFOURPO<\/a><\/h2>\n<p>[\/vc_column_text][vc_single_image image=&#8221;88&#8243; img_size=&#8221;full&#8221; qode_css_animation=&#8221;&#8221;][\/vc_column][vc_column width=&#8221;1\/3&#8243;][vc_empty_space height=&#8221;22px&#8221;][vc_column_text]<a href=\"http:\/\/www.instagram.com\/alexcfourpotattoo\">ALEX CFOURPO<\/a> tatuerare hos oss p\u00e5 heltid sedan slutet av 2019, men en artist ni sett d\u00e5 och d\u00e5 p\u00e5 StaDemonia Tattoo sedan starten i Stockholm! Den\u00a0fokuserar fr\u00e4mst p\u00e5 blackwork tatuering med organiska, ornamentala och naturmotiv, med mycket detalj och fokus p\u00e5 h\u00f6g precision. Vill du ha en tatuering av Alex skriv direkt till <a href=\"mailto:alexcfourpo@gmail.com\" target=\"_blank\" rel=\"noopener\">alexcfourpo@gmail.com<\/a>!<\/p>\n<p>[\/vc_column_text][\/vc_column][vc_column width=&#8221;1\/3&#8243;][vc_empty_space][vc_gallery interval=&#8221;3&#8243; images=&#8221;1248,1249,1250,1251,1252,1253,1254,1255,1256&#8243;][\/vc_column][\/vc_row][vc_row css_animation=&#8221;&#8221; row_type=&#8221;row&#8221; use_row_as_full_screen_section=&#8221;no&#8221; type=&#8221;full_width&#8221; angled_section=&#8221;no&#8221; text_align=&#8221;left&#8221; background_image_as_pattern=&#8221;without_pattern&#8221;][vc_column width=&#8221;1\/3&#8243;][vc_column_text]<\/p>\n<div class=\"elementor-column elementor-col-50 elementor-top-column elementor-element elementor-element-f60178a\" data-id=\"f60178a\" data-element_type=\"column\">\n<div class=\"elementor-column-wrap elementor-element-populated\">\n<div class=\"elementor-widget-wrap\">\n<div class=\"elementor-element elementor-element-bb88d45 elementor-widget elementor-widget-image\" data-id=\"bb88d45\" data-element_type=\"widget\" data-widget_type=\"image.default\">\n<div class=\"elementor-widget-container\">\n<h2 class=\"elementor-image\"><a href=\"http:\/\/www.instagram.com\/santxdemonix\" target=\"_blank\" rel=\"noopener\">JAZZ E<\/a><\/h2>\n<\/div>\n<\/div>\n<\/div>\n<\/div>\n<\/div>\n<p>[\/vc_column_text][vc_single_image image=&#8221;1294&#8243; img_size=&#8221;full&#8221; qode_css_animation=&#8221;&#8221;][\/vc_column][vc_column width=&#8221;1\/3&#8243;][vc_empty_space height=&#8221;22px&#8221;][vc_column_text css=&#8221;&#8221;]<\/p>\n<div class=\"elementor-column elementor-col-50 elementor-top-column elementor-element elementor-element-f60178a\" data-id=\"f60178a\" data-element_type=\"column\">\n<div class=\"elementor-column-wrap elementor-element-populated\">\n<div class=\"elementor-widget-wrap\">\n<div class=\"elementor-element elementor-element-bb88d45 elementor-widget elementor-widget-image\" data-id=\"bb88d45\" data-element_type=\"widget\" data-widget_type=\"image.default\">\n<div class=\"elementor-widget-container\">\n<div class=\"elementor-image\">\n<p><a href=\"http:\/\/www.instagram.com\/santxdemonix\"><span style=\"font-weight: 400;\">JAZZ E<\/span><\/a><span style=\"font-weight: 400;\"> specialiserar sig p\u00e5 blackwork, dotwork, gotisk och ornamentala motiv som f\u00f6ljer kroppens form och r\u00f6relse.Vill du\u00a0 ha en tatuering av Jazz, skriv direkt till hen genom instagram <\/span><a href=\"http:\/\/www.instagram.com\/santxdemonix\"><span style=\"font-weight: 400;\">@santxdemonix<\/span><\/a> eller <a href=\"mailto:stxdemonix@gmail.com\">stxdemonix@gmail.com<\/a><span style=\"font-weight: 400;\">!<\/span><\/p>\n<\/div>\n<\/div>\n<\/div>\n<\/div>\n<\/div>\n<\/div>\n<p>[\/vc_column_text][\/vc_column][vc_column width=&#8221;1\/3&#8243;][vc_empty_space][vc_gallery interval=&#8221;3&#8243; images=&#8221;1261,1262,1263,1264,1265,1266,1267,1268,1269&#8243;][\/vc_column][\/vc_row][vc_row css_animation=&#8221;&#8221; row_type=&#8221;row&#8221; use_row_as_full_screen_section=&#8221;no&#8221; type=&#8221;full_width&#8221; angled_section=&#8221;no&#8221; text_align=&#8221;left&#8221; background_image_as_pattern=&#8221;without_pattern&#8221;][vc_column width=&#8221;1\/3&#8243;][vc_column_text]<\/p>\n<div class=\"elementor-column elementor-col-50 elementor-top-column elementor-element elementor-element-f60178a\" data-id=\"f60178a\" data-element_type=\"column\">\n<div class=\"elementor-column-wrap elementor-element-populated\">\n<div class=\"elementor-widget-wrap\">\n<div class=\"elementor-element elementor-element-bb88d45 elementor-widget elementor-widget-image\" data-id=\"bb88d45\" data-element_type=\"widget\" data-widget_type=\"image.default\">\n<div class=\"elementor-widget-container\">\n<h2 class=\"elementor-image\"><a href=\"http:\/\/www.instagram.com\/butcher_queen.tattoos\" target=\"_blank\" rel=\"noopener\">FLOR<\/a><\/h2>\n<\/div>\n<\/div>\n<\/div>\n<\/div>\n<\/div>\n<p>[\/vc_column_text][vc_single_image image=&#8221;1419&#8243; img_size=&#8221;full&#8221; qode_css_animation=&#8221;&#8221;][\/vc_column][vc_column width=&#8221;1\/3&#8243;][vc_empty_space height=&#8221;22px&#8221;][vc_column_text]<\/p>\n<div class=\"elementor-column elementor-col-50 elementor-top-column elementor-element elementor-element-f60178a\" data-id=\"f60178a\" data-element_type=\"column\">\n<div class=\"elementor-column-wrap elementor-element-populated\">\n<div class=\"elementor-widget-wrap\">\n<div class=\"elementor-element elementor-element-bb88d45 elementor-widget elementor-widget-image\" data-id=\"bb88d45\" data-element_type=\"widget\" data-widget_type=\"image.default\">\n<div class=\"elementor-widget-container\">\n<div class=\"elementor-image\">\n<p><a href=\"http:\/\/instagram.com\/butcher_queen.tattoos\">FLOR<\/a> \u00e4r tatueringsl\u00e4rling p\u00e5 StaDemonia Tattoo Stockholm. Hen \u00e4r fortfarande p\u00e5 en ritresa och gillar att rita diverse saker som poppar upp som hen dras till. Hen har en bakgrund som multidiciplin\u00e4r konstn\u00e4r med performancekonst i fokus. Om ni vill tatuera er med Flor skriv g\u00e4rna p\u00e5 Instagram <a href=\"http:\/\/instagram.com\/butcher_queen.tattoos\">@butcher_queen.tattoos<\/a> eller till <a href=\"mailto:butcherqueenart@gmail.com\" rel=\"noreferrer\">butcherqueenart@gmail.com<\/a><\/p>\n<\/div>\n<\/div>\n<\/div>\n<\/div>\n<\/div>\n<\/div>\n<p>[\/vc_column_text][\/vc_column][vc_column width=&#8221;1\/3&#8243;][vc_empty_space][vc_gallery interval=&#8221;3&#8243; images=&#8221;1420,1422,1421,1424,1423&#8243;][\/vc_column][\/vc_row][vc_row css_animation=&#8221;&#8221; row_type=&#8221;row&#8221; use_row_as_full_screen_section=&#8221;no&#8221; type=&#8221;full_width&#8221; angled_section=&#8221;no&#8221; text_align=&#8221;left&#8221; background_image_as_pattern=&#8221;without_pattern&#8221;][vc_column width=&#8221;1\/3&#8243;][vc_column_text]<\/p>\n<div class=\"elementor-column elementor-col-50 elementor-top-column elementor-element elementor-element-f60178a\" data-id=\"f60178a\" data-element_type=\"column\">\n<div class=\"elementor-column-wrap elementor-element-populated\">\n<div class=\"elementor-widget-wrap\">\n<div class=\"elementor-element elementor-element-bb88d45 elementor-widget elementor-widget-image\" data-id=\"bb88d45\" data-element_type=\"widget\" data-widget_type=\"image.default\">\n<div class=\"elementor-widget-container\">\n<h2 class=\"elementor-image\"><a href=\"http:\/\/www.instagram.com\/eva.betjes\" target=\"_blank\" rel=\"noopener\">EVA &#8217;COCO&#8217; BETJES<\/a><\/h2>\n<\/div>\n<\/div>\n<\/div>\n<\/div>\n<\/div>\n<p>[\/vc_column_text][vc_single_image image=&#8221;1281&#8243; img_size=&#8221;full&#8221; qode_css_animation=&#8221;&#8221;][\/vc_column][vc_column width=&#8221;1\/3&#8243;][vc_empty_space height=&#8221;22px&#8221;][vc_column_text]<\/p>\n<div class=\"elementor-column elementor-col-50 elementor-top-column elementor-element elementor-element-f60178a\" data-id=\"f60178a\" data-element_type=\"column\">\n<div class=\"elementor-column-wrap elementor-element-populated\">\n<div class=\"elementor-widget-wrap\">\n<div class=\"elementor-element elementor-element-bb88d45 elementor-widget elementor-widget-image\" data-id=\"bb88d45\" data-element_type=\"widget\" data-widget_type=\"image.default\">\n<div class=\"elementor-widget-container\">\n<div class=\"elementor-image\">\n<p class=\"elementor-image\"><a href=\"http:\/\/www.instagram.com\/eva.betjes\" target=\"_blank\" rel=\"noopener\">EVA &#8217;COCO&#8217; BETJES<\/a> g\u00f6r f\u00f6r n\u00e4rvarande sin l\u00e4rlingsutbildning som tatuerare p\u00e5 StaDemonia. Hon \u00e4r en multidisciplin\u00e4r konstn\u00e4r med en bakgrund inom konst.<br \/>\nKombinerar dr\u00f6mska landskap, kroppar, stenar och allt som f\u00e5r hj\u00e4rtat att ticka in i sm\u00e5 svarta universum. Ibland mer realistiskt, ibland mer abstrakt, och ibland lite styggt. Vill du ha en tatuering av Eva, skriv direkt genom instagram <a href=\"http:\/\/instagram.com\/eva.betjes\">@eva.betjes<\/a><\/p>\n<\/div>\n<\/div>\n<\/div>\n<\/div>\n<\/div>\n<\/div>\n<p>[\/vc_column_text][\/vc_column][vc_column width=&#8221;1\/3&#8243;][vc_empty_space][vc_gallery interval=&#8221;3&#8243; images=&#8221;1282,1283,1284,1285,1286,1287,1288,1289,1290&#8243;][\/vc_column][\/vc_row][vc_row css_animation=&#8221;&#8221; row_type=&#8221;row&#8221; use_row_as_full_screen_section=&#8221;no&#8221; type=&#8221;full_width&#8221; angled_section=&#8221;no&#8221; text_align=&#8221;left&#8221; background_image_as_pattern=&#8221;without_pattern&#8221;][vc_column width=&#8221;1\/3&#8243;][vc_column_text]<\/p>\n<div class=\"elementor-column elementor-col-50 elementor-top-column elementor-element elementor-element-f60178a\" data-id=\"f60178a\" data-element_type=\"column\">\n<div class=\"elementor-column-wrap elementor-element-populated\">\n<div class=\"elementor-widget-wrap\">\n<div class=\"elementor-element elementor-element-bb88d45 elementor-widget elementor-widget-image\" data-id=\"bb88d45\" data-element_type=\"widget\" data-widget_type=\"image.default\">\n<div class=\"elementor-widget-container\">\n<h2 class=\"elementor-image\"><a href=\"http:\/\/www.instagram.com\/sadgaydontcry\" target=\"_blank\" rel=\"noopener\">ASH<\/a><\/h2>\n<\/div>\n<\/div>\n<\/div>\n<\/div>\n<\/div>\n<p>[\/vc_column_text][vc_single_image image=&#8221;949&#8243; img_size=&#8221;full&#8221; qode_css_animation=&#8221;&#8221;][\/vc_column][vc_column width=&#8221;1\/3&#8243;][vc_empty_space height=&#8221;22px&#8221;][vc_column_text]<\/p>\n<div class=\"elementor-column elementor-col-50 elementor-top-column elementor-element elementor-element-f60178a\" data-id=\"f60178a\" data-element_type=\"column\">\n<div class=\"elementor-column-wrap elementor-element-populated\">\n<div class=\"elementor-widget-wrap\">\n<div class=\"elementor-element elementor-element-bb88d45 elementor-widget elementor-widget-image\" data-id=\"bb88d45\" data-element_type=\"widget\" data-widget_type=\"image.default\">\n<div class=\"elementor-widget-container\">\n<div class=\"elementor-image\"><span style=\"font-weight: 400;\"><span style=\"font-weight: 400;\"><a href=\"http:\/\/instagram.com\/sadgaydontcry\">ASH<\/a> konst handlar om dr\u00f6mmar, teknik, god mat, v\u00e4gkanter, artificiell intelligens, ok\u00e4nda civilisationer, utomjordingar och en del sjuka grejer som spelas p\u00e5 the Oscilloscope. Hen<\/span><\/span><span style=\"font-weight: 400;\"> studerar, tar en doktorsexamen i elektronikteknik och arbetar bara fre &amp; l\u00f6r som tatuerare.<br \/>\nBoka genom pm p\u00e5 IG <a href=\"http:\/\/instagram.com\/sadgaydontcry\">@sadgaydontcry<\/a> eller mejla <a href=\"mailto:sadgay007@gmail.com\">sadgay007@gmail.com<\/a><\/span><\/div>\n<\/div>\n<\/div>\n<\/div>\n<\/div>\n<\/div>\n<p>[\/vc_column_text][\/vc_column][vc_column width=&#8221;1\/3&#8243;][vc_empty_space][vc_gallery interval=&#8221;3&#8243; images=&#8221;1274,1275,1276,1277,1278,1279&#8243;][\/vc_column][\/vc_row]<\/p>\n<\/div>","protected":false},"excerpt":{"rendered":"<p>[vc_row css_animation=&#8221;&#8221; row_type=&#8221;row&#8221; use_row_as_full_screen_section=&#8221;no&#8221; type=&#8221;full_width&#8221; angled_section=&#8221;no&#8221; text_align=&#8221;left&#8221; background_image_as_pattern=&#8221;without_pattern&#8221;][vc_column width=&#8221;1\/3&#8243;][vc_column_text] SOLEDAD AZNAR [\/vc_column_text][vc_single_image image=&#8221;76&#8243; img_size=&#8221;full&#8221; qode_css_animation=&#8221;&#8221;][\/vc_column][vc_column width=&#8221;1\/3&#8243;][vc_empty_space height=&#8221;22px&#8221;][vc_column_text]SOLEDAD AZNAR, tatuerare som \u00f6ppnade StaDemonia Tattoo Barcelona tillsammans med Sara Swanson 2005, sedan 2017 i Stockholm. Ursprungligen fr\u00e5n Buenos Aires, Argentina. Hen tycker b\u00e4st om att tatuera old&#8230;<\/p>\n","protected":false},"author":1,"featured_media":0,"parent":0,"menu_order":0,"comment_status":"closed","ping_status":"closed","template":"","meta":{"footnotes":""},"class_list":["post-11","page","type-page","status-publish","hentry"],"yoast_head":"<!-- This site is optimized with the Yoast SEO plugin v26.7 - https:\/\/yoast.com\/wordpress\/plugins\/seo\/ -->\n<title>StaDemonia Tattoo Stockholm -Tatuerare<\/title>\n<meta name=\"description\" content=\"StaDemonia Tattoo Stockholm \u00e4r Queer konst och Vegan tatuering i Stockholm. H\u00e4r hittar du hbtqi+ tatuerare och konst.\" \/>\n<meta name=\"robots\" content=\"index, follow, max-snippet:-1, max-image-preview:large, max-video-preview:-1\" \/>\n<link rel=\"canonical\" href=\"https:\/\/stademonia.com\/21\/tatuerare\/\" \/>\n<meta property=\"og:locale\" content=\"sv_SE\" \/>\n<meta property=\"og:type\" content=\"article\" \/>\n<meta property=\"og:title\" content=\"StaDemonia Tattoo Stockholm -Tatuerare\" \/>\n<meta property=\"og:description\" content=\"StaDemonia Tattoo Stockholm \u00e4r Queer konst och Vegan tatuering i Stockholm. H\u00e4r hittar du hbtqi+ tatuerare och konst.\" \/>\n<meta property=\"og:url\" content=\"https:\/\/stademonia.com\/21\/tatuerare\/\" \/>\n<meta property=\"og:site_name\" content=\"StaDemonia Tattoo Stockholm\" \/>\n<meta property=\"article:publisher\" content=\"https:\/\/www.facebook.com\/stademonia.stockholm\/\" \/>\n<meta property=\"article:modified_time\" content=\"2026-01-28T13:22:40+00:00\" \/>\n<meta name=\"twitter:card\" content=\"summary_large_image\" \/>\n<meta name=\"twitter:label1\" content=\"Ber\u00e4knad l\u00e4stid\" \/>\n\t<meta name=\"twitter:data1\" content=\"3 minuter\" \/>\n<script type=\"application\/ld+json\" class=\"yoast-schema-graph\">{\"@context\":\"https:\/\/schema.org\",\"@graph\":[{\"@type\":\"WebPage\",\"@id\":\"https:\/\/stademonia.com\/21\/tatuerare\/\",\"url\":\"https:\/\/stademonia.com\/21\/tatuerare\/\",\"name\":\"StaDemonia Tattoo Stockholm -Tatuerare\",\"isPartOf\":{\"@id\":\"https:\/\/stademonia.com\/21\/#website\"},\"datePublished\":\"2021-06-21T07:06:54+00:00\",\"dateModified\":\"2026-01-28T13:22:40+00:00\",\"description\":\"StaDemonia Tattoo Stockholm \u00e4r Queer konst och Vegan tatuering i Stockholm. H\u00e4r hittar du hbtqi+ tatuerare och konst.\",\"breadcrumb\":{\"@id\":\"https:\/\/stademonia.com\/21\/tatuerare\/#breadcrumb\"},\"inLanguage\":\"sv-SE\",\"potentialAction\":[{\"@type\":\"ReadAction\",\"target\":[\"https:\/\/stademonia.com\/21\/tatuerare\/\"]}]},{\"@type\":\"BreadcrumbList\",\"@id\":\"https:\/\/stademonia.com\/21\/tatuerare\/#breadcrumb\",\"itemListElement\":[{\"@type\":\"ListItem\",\"position\":1,\"name\":\"Hem\",\"item\":\"https:\/\/stademonia.com\/21\/\"},{\"@type\":\"ListItem\",\"position\":2,\"name\":\"Tatuerare\"}]},{\"@type\":\"WebSite\",\"@id\":\"https:\/\/stademonia.com\/21\/#website\",\"url\":\"https:\/\/stademonia.com\/21\/\",\"name\":\"StaDemonia Tattoo Stockholm\",\"description\":\"Queera Tatuerare i Stockholm\",\"publisher\":{\"@id\":\"https:\/\/stademonia.com\/21\/#organization\"},\"potentialAction\":[{\"@type\":\"SearchAction\",\"target\":{\"@type\":\"EntryPoint\",\"urlTemplate\":\"https:\/\/stademonia.com\/21\/?s={search_term_string}\"},\"query-input\":{\"@type\":\"PropertyValueSpecification\",\"valueRequired\":true,\"valueName\":\"search_term_string\"}}],\"inLanguage\":\"sv-SE\"},{\"@type\":\"Organization\",\"@id\":\"https:\/\/stademonia.com\/21\/#organization\",\"name\":\"StaDemonia Tattoo Stockholm\",\"url\":\"https:\/\/stademonia.com\/21\/\",\"logo\":{\"@type\":\"ImageObject\",\"inLanguage\":\"sv-SE\",\"@id\":\"https:\/\/stademonia.com\/21\/#\/schema\/logo\/image\/\",\"url\":\"https:\/\/stademonia.com\/21\/wp-content\/uploads\/2025\/03\/cropped-StaDemoniaTattoo_Logo_600-1.jpeg\",\"contentUrl\":\"https:\/\/stademonia.com\/21\/wp-content\/uploads\/2025\/03\/cropped-StaDemoniaTattoo_Logo_600-1.jpeg\",\"width\":512,\"height\":512,\"caption\":\"StaDemonia Tattoo Stockholm\"},\"image\":{\"@id\":\"https:\/\/stademonia.com\/21\/#\/schema\/logo\/image\/\"},\"sameAs\":[\"https:\/\/www.facebook.com\/stademonia.stockholm\/\",\"https:\/\/www.instagram.com\/sta.demonia_tattoo_stockholm\/\"]}]}<\/script>\n<!-- \/ Yoast SEO plugin. -->","yoast_head_json":{"title":"StaDemonia Tattoo Stockholm -Tatuerare","description":"StaDemonia Tattoo Stockholm \u00e4r Queer konst och Vegan tatuering i Stockholm. H\u00e4r hittar du hbtqi+ tatuerare och konst.","robots":{"index":"index","follow":"follow","max-snippet":"max-snippet:-1","max-image-preview":"max-image-preview:large","max-video-preview":"max-video-preview:-1"},"canonical":"https:\/\/stademonia.com\/21\/tatuerare\/","og_locale":"sv_SE","og_type":"article","og_title":"StaDemonia Tattoo Stockholm -Tatuerare","og_description":"StaDemonia Tattoo Stockholm \u00e4r Queer konst och Vegan tatuering i Stockholm. H\u00e4r hittar du hbtqi+ tatuerare och konst.","og_url":"https:\/\/stademonia.com\/21\/tatuerare\/","og_site_name":"StaDemonia Tattoo Stockholm","article_publisher":"https:\/\/www.facebook.com\/stademonia.stockholm\/","article_modified_time":"2026-01-28T13:22:40+00:00","twitter_card":"summary_large_image","twitter_misc":{"Ber\u00e4knad l\u00e4stid":"3 minuter"},"schema":{"@context":"https:\/\/schema.org","@graph":[{"@type":"WebPage","@id":"https:\/\/stademonia.com\/21\/tatuerare\/","url":"https:\/\/stademonia.com\/21\/tatuerare\/","name":"StaDemonia Tattoo Stockholm -Tatuerare","isPartOf":{"@id":"https:\/\/stademonia.com\/21\/#website"},"datePublished":"2021-06-21T07:06:54+00:00","dateModified":"2026-01-28T13:22:40+00:00","description":"StaDemonia Tattoo Stockholm \u00e4r Queer konst och Vegan tatuering i Stockholm. H\u00e4r hittar du hbtqi+ tatuerare och konst.","breadcrumb":{"@id":"https:\/\/stademonia.com\/21\/tatuerare\/#breadcrumb"},"inLanguage":"sv-SE","potentialAction":[{"@type":"ReadAction","target":["https:\/\/stademonia.com\/21\/tatuerare\/"]}]},{"@type":"BreadcrumbList","@id":"https:\/\/stademonia.com\/21\/tatuerare\/#breadcrumb","itemListElement":[{"@type":"ListItem","position":1,"name":"Hem","item":"https:\/\/stademonia.com\/21\/"},{"@type":"ListItem","position":2,"name":"Tatuerare"}]},{"@type":"WebSite","@id":"https:\/\/stademonia.com\/21\/#website","url":"https:\/\/stademonia.com\/21\/","name":"StaDemonia Tattoo Stockholm","description":"Queera Tatuerare i Stockholm","publisher":{"@id":"https:\/\/stademonia.com\/21\/#organization"},"potentialAction":[{"@type":"SearchAction","target":{"@type":"EntryPoint","urlTemplate":"https:\/\/stademonia.com\/21\/?s={search_term_string}"},"query-input":{"@type":"PropertyValueSpecification","valueRequired":true,"valueName":"search_term_string"}}],"inLanguage":"sv-SE"},{"@type":"Organization","@id":"https:\/\/stademonia.com\/21\/#organization","name":"StaDemonia Tattoo Stockholm","url":"https:\/\/stademonia.com\/21\/","logo":{"@type":"ImageObject","inLanguage":"sv-SE","@id":"https:\/\/stademonia.com\/21\/#\/schema\/logo\/image\/","url":"https:\/\/stademonia.com\/21\/wp-content\/uploads\/2025\/03\/cropped-StaDemoniaTattoo_Logo_600-1.jpeg","contentUrl":"https:\/\/stademonia.com\/21\/wp-content\/uploads\/2025\/03\/cropped-StaDemoniaTattoo_Logo_600-1.jpeg","width":512,"height":512,"caption":"StaDemonia Tattoo Stockholm"},"image":{"@id":"https:\/\/stademonia.com\/21\/#\/schema\/logo\/image\/"},"sameAs":["https:\/\/www.facebook.com\/stademonia.stockholm\/","https:\/\/www.instagram.com\/sta.demonia_tattoo_stockholm\/"]}]}},"_links":{"self":[{"href":"https:\/\/stademonia.com\/21\/wp-json\/wp\/v2\/pages\/11","targetHints":{"allow":["GET"]}}],"collection":[{"href":"https:\/\/stademonia.com\/21\/wp-json\/wp\/v2\/pages"}],"about":[{"href":"https:\/\/stademonia.com\/21\/wp-json\/wp\/v2\/types\/page"}],"author":[{"embeddable":true,"href":"https:\/\/stademonia.com\/21\/wp-json\/wp\/v2\/users\/1"}],"replies":[{"embeddable":true,"href":"https:\/\/stademonia.com\/21\/wp-json\/wp\/v2\/comments?post=11"}],"version-history":[{"count":49,"href":"https:\/\/stademonia.com\/21\/wp-json\/wp\/v2\/pages\/11\/revisions"}],"predecessor-version":[{"id":1542,"href":"https:\/\/stademonia.com\/21\/wp-json\/wp\/v2\/pages\/11\/revisions\/1542"}],"wp:attachment":[{"href":"https:\/\/stademonia.com\/21\/wp-json\/wp\/v2\/media?parent=11"}],"curies":[{"name":"wp","href":"https:\/\/api.w.org\/{rel}","templated":true}]}}